- 7*r(p). Give a(-2).
20
Let i(f) = -4*f - 5 + 3*f**2 + 9362*f**3 - 3*f - 9361*f**3. Let m(d) = -11*d + 1. Let g be m(1). Let v = -14 - g. Calculate i(v).
7
Let o(w) = -3*w**2 - w - 1. Let b(r) = r**2 - r. Let x(i) = -i - 26. Let l be x(-25). Let d(a) = l*o(a) - 4*b(a). Give d(4).
5
Let m be 8/2 + (-18)/9. Let y(l) = 4*l - 33*l**m - 5*l + 34*l**2 - 2. Suppose -4*v + 12 = -2*a, -3*a + 0 + 10 = v. Determine y(v).
10
Let w(j) = -j - 6. Suppose -5*o + 15 = -5*z, 0 = -z + 2*z + 4*o - 7. Let s(p) = -p + 1. Let a(v) = z*w(v) + 2*s(v). Determine a(-6).
14
Let s(w) = w**3 - 4*w**2 - 5*w + 3. Let a be (3 - -1) + (-19 - -20). What is s(a)?
3
Let m(g) = -g**3 - 6*g**2 - 2*g + 4. Let v(k) = -12*k + k**2 + 17*k + 18 - 21*k - 7. Let w be v(15). What is m(w)?
-20
Let n(v) = -v**3 - 3*v**2 + 9*v - 49. Let a(i) = -i**2 + 4. Let r(k) = -7*a(k) - n(k). Give r(-11).
-1
Let h(l) = 3*l**3 - 16*l**2 + 5*l + 5. Let j(s) = -5*s**3 + 30*s**2 - 9*s - 9. Let k(a) = -7*h(a) - 4*j(a). Determine k(-8).
-7
Let r(a) = 2*a - 10. Let h be 8/(-60) - 77/(-15). Suppose h*b - 8*b = -30. What is r(b)?
10
Let x(r) = r**3 - r**2 - r - 4. Let h(i) = 24*i**3 - 9*i**2 - 11*i - 35. Let d(g) = h(g) - 9*x(g). Suppose j - 14 = -4*f + 3*j, 27 = 2*f - 5*j. Calculate d(f).
14
Let q(l) = -l. Let a be q(4). Let m be a/(-8) - -7*(-9)/(-6). Let v(i) = i**2 - 11*i - 2. Give v(m).
-2
Let v(w) = -3*w - 3. Let s = -137 + 133. Give v(s).
9
Let r(x) = -3*x**2 - 11*x + 1. Let v(u) = 4*u**2 + 10*u. Let d(q) = 3*r(q) + 2*v(q). Give d(-9).
39
Suppose 4*u + 2*t = -17 - 31, -60 = 5*u - 3*t. Let j(v) = -v + 13. Determine j(u).
25
Let c(a) = -a**2 - a + 6. Let t(p) = 3*p - 44. Let r be t(19). Suppose -r*q + 86 - 21 = 0. What is c(q)?
-24
Let z(k) = 2*k**2 - 7*k. Let a be (-4)/(72/(-27)*12/40). Determine z(a).
15
Suppose -t - 10 = t. Let s(u) = -4*u**2 + 11*u + 11. Let h(b) = 5*b**2 - 12*b - 12. Let c be 2/(2/(-6) - 0). Let z(d) = c*s(d) + t*h(d). Give z(-4).
2
Let v(g) = -4*g**3 - 6*g**2 - 6*g + 5. Let n = 31 - 34. Let u(o) = o**3 + o. Let j(b) = n*u(b) - v(b). Let h(k) = -5*k**2 + k. Let t be h(1). What is j(t)?
15
Let f(j) be the third derivative of -j**4/24 - 49*j**2. Suppose -10 = -4*y - m, 3*y - 2 = 2*m - 0. Give f(y).
-2
Let r(a) = 1. Let m(l) = l - 6. Let n(z) = m(z) + 3*r(z). Let v = -3000 + 3000. Calculate n(v).
-3
Let o(y) = -y**3 + 8*y**2 - 6. Let q(h) = 3*h**3 - 5*h**2 - 9*h + 21. Let v be q(2). What is o(v)?
43
Let o(m) = 17*m**2 - 22*m + 24. Let v(i) = -12*i**2 + 15*i - 16. Let x(q) = -5*o(q) - 7*v(q). Determine x(3).
-2
Let f(l) = 0*l - l + 15 - 8. Give f(0).
7
Let c(v) = v**3 - 3*v**2 + 3*v. Suppose -21*o + 69 - 6 = 0. What is c(o)?
9
Let t(b) be the second derivative of -b**4/12 + b**3 - 5*b**2/2 - 6*b. Suppose 32*y = 51 + 109. What is t(y)?
0
Let a(w) = 7*w + 8 - 9 - 5*w. Calculate a(-3).
-7
Suppose 0 = -62*z + 43 + 19. Let v(l) = 8*l**3 + 5*l**2 - 3*l - 1. Determine v(z).
9
Let i(n) = 6*n - 3*n + 4 - n. Let j be (4/(-8))/(4/24). What is i(j)?
-2
Let b(y) be the third derivative of y**5/60 + 13*y**4/24 + 3*y**3/2 + 157*y**2. What is b(-13)?
9
Let u(t) be the third derivative of -t**4/24 + 5*t**3 - 29*t**2 - 3. Determine u(0).
30
Let j(o) = -2*o**2 + 2*o - 3. Let z be (-1)/(-1) + (-11 - 11). Let g = z + 25. Suppose 9*h = 4*a + g*h + 17, 4*h = 20. Determine j(a).
-7
Let g(w) = -w**2 + 5*w - 1. Let h be (-5 - -4) + 2 + 5. Calculate g(h).
-7
Suppose -3*b + 11 = 5*g - 7, 3*b = -3*g + 12. Suppose 8 + 73 = 9*k. Let o(j) = 2*j - 7*j**2 - 1 + 17*j**2 - k*j**2. Calculate o(b).
2
Let q(l) = 1. Let c(z) = -z - 2. Let s(h) = -c(h) - q(h). Let u(p) = -7*p - 9. Let k(g) = 6*s(g) + u(g). Let a be 8 + (-12)/(-8)*-2. Calculate k(a).
-8
Let f = -1 + -5. Let o be (-18)/(-4)*(-4)/f. Let s(a) = -a + o*a**2 + 19 - 17 - a**3 + 5*a. Determine s(4).
2
Let w(r) = 12*r - 33. Let z be w(3). Let t(s) = 7*s - 15. Give t(z).
6
Let h(a) = -5*a + 33. Let c be h(6). Let x(y) = -35*y**3 - 3*y + 7*y**2 + 2 + 34*y**3 - c*y. What is x(6)?
2
Let y(n) = -n**3 + 4*n**2 - 3*n - 1. Suppose 0 = -l - 5*x + 12, 4*x - 12 = -431*l + 429*l. What is y(l)?
1
Let p = -162 - -162. Let w(i) be the second derivative of 1/2*i**3 + 1/10*i**5 - 2*i - i**2 + p - 1/3*i**4. What is w(2)?
4
Let s(k) = 5*k - 11. Let p(t) = 11*t - 22. Let j(c) = 4*p(c) - 9*s(c). Let d(o) = 358*o + 3938. Let g be d(-11). Determine j(g).
11
Suppose -c = -5*c + 32. Suppose o = -n + 6, 5*o - 4*n - 28 = -c*n. Let m(z) = z**3 - 5*z**2 + z + 5. What is m(o)?
-7
Let i(o) = -o**2 - 8*o - 10. Let x = 825 + -830. Give i(x).
5
Let d(n) = -5*n**2 + 10*n + 8. Let m(k) = 14*k**2 - 27*k - 23. Let s(j) = -17*d(j) - 6*m(j). Let t(i) = -7*i. Let q be t(-1). Calculate s(q).
-5
Suppose -5*m - w + 13 = 0, -5*m + w + 2 = -5. Suppose 0 = 2*c + m*c - 16. Let l(i) be the first derivative of -i**2/2 + 4*i + 1. Calculate l(c).
0
Let j(z) = -5*z + 7*z - 14 - z. Let v(p) = -p**3 + 5*p**2 + 14*p + 6. Let w be v(7). Calculate j(w).
-8
Suppose -8*m + 10 = -3*m. Let k(l) = 0 - m - 18*l + 19*l - 4. Calculate k(10).
4
Let f(x) = -x**3 + 5*x**2 - 4*x + 2. Let v be (-16)/2*(-1)/2. Let u be f(v). Let q(s) = 32 + s**u - 2*s**2 - 43. What is q(0)?
-11
Suppose 2*w + 4 - 40 = 0. Suppose 25 = 5*x, 23 = -2*b + 3*x - 38. Let g = w + b. Let m(p) = p**3 + 5*p**2 - p - 1. Give m(g).
4
Let b(k) = k**2 + k - 1. Let c be ((-12)/9)/(68/(-102)). Give b(c).
5
Let l(c) = -c**3 + 8*c**2 - 6*c + 5. Suppose -3*a + 54 = 51. Let n(v) = v. Let s(z) = a*l(z) - n(z). Calculate s(7).
5
Suppose -s - z - 14 = -0*s, 0 = -5*s - 4*z - 70. Let n(f) = -f - 19. Determine n(s).
-5
Let f(d) = -d**3 + 5*d**2 - 2*d + 5. Suppose 1 = c - 3*o, 3*c - 4*c = 2*o - 1. Let u(y) = 5*y**2 - 7*y + 7. Let j be u(c). What is f(j)?
-5
Suppose 10 - 30 = -5*y. Let t be (16 + -1)*(-1)/(-3). Let u(b) = -b + 3. Let f(r) = -2*r + 6. Let z(m) = t*u(m) - 2*f(m). What is z(y)?
-1
Let t(j) = -7*j + 17. Let p be t(3). Let m(d) = d**2 + 6*d + 4. What is m(p)?
-4
Let j(z) = 57*z + 45. Let v(q) = 16*q + 13. Let k(b) = -5*j(b) + 18*v(b). Determine k(-4).
-3
Suppose 5*d = 3*d + 2. Suppose 5*m + 0*m = 2*s - d, 4*s + 4*m - 16 = 0. Let o(t) = 6*t - 2*t + s - t. What is o(-3)?
-6
Let u(l) = -l**3 + 9*l**2 + 10*l + 6. Let r = 61 - 51. Let b be u(r). Let z(y) = 4*y**3 + 6*y + 2 - 4*y**2 - 3*y**2 - 3*y**3. Determine z(b).
2
Let m(i) = 0 - 4*i + 7*i**2 + 0*i**2 + 2. Suppose 3*q - 450 = -444. Give m(q).
22
Let w(b) be the third derivative of b**7/2520 - b**6/90 + 7*b**5/120 + 11*b**4/24 + 25*b**2. Let q(f) be the second derivative of w(f). What is q(5)?
-8
Let n(i) be the second derivative of -i**4/12 - 17*i**3/6 - 5*i**2 + i + 11. Calculate n(-16).
6
Let a(h) = 2*h**2 + 1 + h**3 - 2*h + 2*h**2 + 0*h. Let q(n) = n**2 - 14*n + 44. Let v be q(8). Give a(v).
9
Let c(a) = -1 + a**2 + 0 - 2*a + 0. Suppose -4*h - 11 = -j, -2*h = 5*j - 5*h - 4. What is c(j)?
2
Suppose -58 = -5*y + 2*l, -y - y - 4*l = -4. Let x(u) = -u**2 + 10*u + 5. Calculate x(y).
5
Let b(q) be the second derivative of -q**4/12 + 2*q**3 - 23*q**2/2 - 7*q + 8. Give b(8).
9
Let g(h) be the first derivative of h**4/4 + 5*h**3/3 + 3*h**2 + 5*h - 1. Let o be (-1)/((-92)/(-32) + -3). Let p be 4 + 1/((-33)/o + 4). Calculate g(p).
-3
Let k(p) = -8*p**2 - 2*p - 5. Let v = -16 + 5. Let r(z) = -3*z**2 - z - 2. Let w(s) = v*r(s) + 4*k(s). Give w(-2).
0
Let s(t) be the first derivative of t**4/4 - 2*t**3 + 2*t**2 + t + 1. Suppose -3*d = -4*f - 31, 3*f + 2 = 2*d + 5*f. Suppose d = 4*h - 3*h. Determine s(h).
-4
Let i(m) be the first derivative of m**4/4 + 4*m**3 - 7*m**2 - 14*m + 131. Calculate i(-13).
-1
Let j(h) = -h**2 + h + 1. Suppose 0*v - 5 = 5*v. Let u(d) = 5*d**2 - 13*d + 6. Let k(q) = v*u(q) - 6*j(q). What is k(-9)?
6
Let w(z) = z**3 + 14*z**2 + z + 12. Suppose 2*b = -2*f - 22, -9 = 3*f + b + 30. Give w(f).
-2
Let a(i) = i**3 + 5*i**2 + 4*i - 4. Suppose -3*c + c + 25 = 3*r, c + r = 10. Suppose 3 + c = -2*v. Give a(v).
-4
Let v(s) = 79*s + 238. Let z be v(-3). Let x(a) be the third derivative of -7*a**5/60 + a**3/6 - a**2. Give x(z).
-6
Let m(c) = -5*c**2 + 4. Let t(s) = s**2 + s. Let y(z) = m(z) + 4*t(z). Give y(7).
-17
Let f(o) = o**3 + o**2 + o - 23. Suppose h = u + 6*h - 5, -3*u = 5*h - 5. Give f(u).
-23
Let w be 2 + (-51)/(4 + -1). Let l(j) = -j**2 - 15*j - 3. Let q be l(w). Let o(a) = a + 3. Determine o(q).
0
Let j be (-6)/(